ue
Is 22613 prime?
True
Is 27443 prime?
False
Is 80309 prime?
True
Is 10154 a composite number?
True
Is 48553 prime?
False
Is 1864649 a prime number?
True
Is 754651 composite?
False
Is 1318513 a prime number?
False
Is 8663 composite?
False
Is 44053 composite?
False
Is 93787 composite?
False
Is 26507 composite?
True
Is 71702 composite?
True
Is 3863 a composite number?
False
Is 8803 prime?
True
Is 1229 composite?
False
Is 54887 a composite number?
True
Is 194371 a prime number?
True
Is 2863 a composite number?
True
Is 56845 a prime number?
False
Is 37451 composite?
True
Is 104347 a prime number?
True
Is 12841 composite?
False
Is 30727 prime?
True
Is 42193 composite?
False
Is 2707 composite?
False
Is 263489 a prime number?
True
Is 41273 prime?
False
Is 70351 a composite number?
False
Is 3847 a prime number?
True
Is 1069 prime?
True
Is 467 composite?
False
Is 173917 a composite number?
False
Is 510098 a composite number?
True
Is 82483 prime?
True
Is 4091 prime?
True
Is 371765 a prime number?
False
Is 4626907 a prime number?
False
Is 237203 prime?
True
Is 501997 prime?
True
Is 4265 a composite number?
True
Is 34793 prime?
False
Is 16183 a composite number?
False
Is 5515 prime?
False
Is 57626 prime?
False
Is 207941 a prime number?
True
Is 8209 a composite number?
False
Is 19661 a composite number?
False
Is 5227 composite?
False
Is 255031 a composite number?
True
Is 412059 a prime number?
False
Is 61001 prime?
True
Is 1515481 composite?
True
Is 326309 a composite number?
False
Is 23354 composite?
True
Is 1143017 prime?
False
Is 60767 prime?
False
Is 25391 prime?
True
Is 42629 a prime number?
False
Is 18841 prime?
False
Is 919 a prime number?
True
Is 2927 prime?
True
Is 1219213 prime?
True
Is 37457 a composite number?
True
Is 93761 prime?
True
Is 87983 a prime number?
False
Is 718681 prime?
False
Is 17747 a prime number?
True
Is 110009 a prime number?
False
Is 13543 composite?
True
Is 62177 prime?
False
Is 38623 a composite number?
True
Is 497131 a composite number?
True
Is 6454619 a composite number?
False
Is 2221 composite?
False
Is 77699 prime?
True
Is 23033 a composite number?
True
Is 3205 a composite number?
True
Is 7171 a composite number?
True
Is 725507 a prime number?
True
Is 138811 prime?
False
Is 2819 prime?
True
Is 728993 a composite number?
False
Is 3427 a composite number?
True
Is 1240979 composite?
False
Is 119389 prime?
True
Is 1853 prime?
False
Is 6239 prime?
False
Is 34193 prime?
False
Is 27509 composite?
False
Is 114605 a prime number?
False
Is 428477 a prime number?
False
Is 9277 a prime number?
True
Is 8999 a composite number?
False
Is 648623 composite?
True
Is 191657 prime?
True
Is 17519 a prime number?
True
Is 221797 a composite number?
False
Is 4073 a prime number?
True
Is 1637 prime?
True
Is 30985 a prime number?
False
Is 1934839 composite?
True
Is 12361 composite?
True
Is 93517 prime?
False
Is 2164571 a prime number?
True
Is 22609 a prime number?
False
Is 314521 a composite number?
True
Is 12781 prime?
True
Is 256279 prime?
True
Is 54451 composite?
True
Is 263599 prime?
False
Is 3847 prime?
True
Is 28115 prime?
False
Is 48239 composite?
False
Is 5899 a prime number?
False
Is 4237 a composite number?
True
Is 290645 a prime number?
False
Is 799 prime?
False
Is 2633 composite?
False
Is 517193 prime?
False
Is 2117 a composite number?
True
Is 2927 a prime number?
True
Is 17851 a composite number?
False
Is 43391 prime?
True
Is 8117 a prime number?
True
Is 37667 a prime number?
False
Is 15969 composite?
True
Is 9897 a composite number?
True
Is 173347 prime?
True
Is 82757 composite?
False
Is 4291 a composite number?
True
Is 199142 prime?
False
Is 21583 composite?
True
Is 197479 composite?
False
Is 29527 composite?
False
Is 38469 a prime number?
False
Is 5779 a composite number?
False
Is 27769 a composite number?
True
Is 96421 a prime number?
False
Is 49727 composite?
False
Is 17651 composite?
True
Is 176299 prime?
True
Is 641699 a prime number?
False
Is 16183 composite?
False
Is 20593 a composite number?
False
Is 2671 composite?
False
Is 2732893 composite?
False
Is 4229 prime?
True
Is 20051 composite?
False
Is 838273 composite?
True
Is 363799 a prime number?
True
Is 640459 a composite number?
True
Is 8843 a prime number?
False
Is 476717 a prime number?
False
Is 545231 a prime number?
True
Is 33683 a prime number?
False
Is 1448809 prime?
False
Is 3847 a prime number?
True
Is 97327 prime?
True
Is 2546317 prime?
True
Is 17783 a prime number?
True
Is 18481 prime?
True
Is 41071 a prime number?
False
Is 94709 composite?
False
Is 454449 a prime number?
False
Is 8315 prime?
False
Is 300445 a prime number?
False
Is 95531 a composite number?
False
Is 128197 a prime number?
False
Is 363791 composite?
True
Is 500506 composite?
True
Is 1363 a composite number?
True
Is 177397 a prime number?
False
Is 887 composite?
False
Is 153327 a composite number?
True
Is 17197 composite?
True
Is 2819 a composite number?
False
Is 21891 a composite number?
True
Is 357377 a composite number?
False
Is 662 a prime number?
False
Is 12055 composite?
True
Is 120233 composite?
False
Is 17417 prime?
True
Is 573 composite?
True
Is 232781 composite?
True
Is 514141 prime?
False
Is 16817 a composite number?
True
Is 91261 prime?
False
Is 63557 a composite number?
True
Is 201809 a composite number?
False
Is 1633 a prime number?
False
Is 4591 a composite number?
False
Is 13 a composite number?
False
Is 230259 a composite number?
True
Is 2404837 a prime number?
False
Is 36037 a composite number?
False
Is 167885 composite?
True
Is 5515 prime?
False
Is 114983 composite?
True
Is 102313 prime?
False
Is 18623 a composite number?
True
Is 951 a prime number?
False
Is 4049 composite?
False
Is 2935 a prime number?
False
Is 26186 a composite number?
True
Is 107021 a composite number?
False
Is 12601 a composite number?
False
Is 318629 a composite number?
False
Is 22733 prime?
False
Is 178169 prime?
True
Is 751577 a prime number?
False
Is 79511 a prime number?
False
Is 90141 prime?
False
Is 4699 composite?
True
Is 38351 composite?
False
Is 50821 a prime number?
True
Is 145 prime?
False
Is 1165643 a composite number?
False
Is 27611 a composite number?
False
Is 4781 composite?
True
Is 138251 a prime number?
True
Is 17533 prime?
False
Is 25253 prime?
True
Is 47699 a prime number?
True
Is 102911 composite?
False
Is 176683 a prime number?
False
Is 271291 prime?
False
Is 31973 a prime number?
True
Is 3979 a composite number?
True
Is 156467 a composite number?
False
Is 6257697 a composite number?
True
Is 1337 prime?
False
Is 83813 prime?
True
Is 89363 a composite number?
False
Is 36071 a composite number?
True
Is 3743 a composite number?
True
Is 576563 a prime number?
False
Is 85513 composite?
False
Is 1157 prime?
False
Is 31715 a prime number?
False
Is 22733 prime?
False
Is 26471 composite?
True
Is 6761 a prime number?
True
Is 5303 composite?
False
Is 10961 prime?
False
Is 19439 a composite number?
True
Is 10583 a prime number?
False
Is 24251 a prime number?
True
Is 42971 a composite number?
True
Is 51962 a prime number?
False
Is 73642 prime?
False
Is 106717 composite?
True
Is 1455007 a composite number?
False
Is 1513 composite?
True
Is 133199 a prime number?
False
Is 863353 composite?
True
Is 445 a composite number?
True
Is 2333 a prime number?
True
Is 69899 a prime number?
True
Is 27647 a prime number?
True
Is 1285859 prime?
True
Is 68743 prime?
True
Is 108233 prime?
True
Is 2453 prime?
False
Is 33257 composite?
True
Is 117431 composite?
False
Is 284989 composite?
False
Is 4253 a composite number?
False
Is 5921 a composite number?
True
Is 1712113 composite?
True
Is 95701 a composite number?
False
Is 55763 a composite number?
False
Is 17273 prime?
False
Is 106345 a composite number?
True
Is 2939 composite?
False
Is 312043 a prime number?
True
Is 1763 composite?
True
Is 983993 prime?
True
Is 119933 composite?
True
Is 756878 prime?
False
Is 311 a composite number?
False
Is 20249 a prime number?
True
Is 6535 prime?
False
Is 695698 a composite number?
True
Is 86327 prime?
False
Is 93733 a composite number?
True
Is 6467 composite?
True
Is 425767 a prime number?
False
Is 1939033 prime?
True
Is 393349 a prime number?
False
Is 503 prime?
True
Is 179617 a composite number?
True
Is 13087 composite?
T